. Let j(c) = -c - 4. What is j(q)?
-7
Let d(l) be the third derivative of -l**6/120 + l**5/15 + l**4/8 - 5*l**3/6 + 25*l**2. Determine d(4).
7
Let o(x) be the first derivative of -x**3/3 - x**2 + 3*x + 5. Determine o(-3).
0
Let b(c) = -c**3 - 2*c**2 + c. Suppose -23*k = -22*k + 2. Give b(k).
-2
Let y(r) = r**3 + 6*r**2 + 3*r + 1. Let o(x) = -4*x + 3. Let c(a) = -a**2 - 7*a + 2. Let t be c(-7). Let j be o(t). Calculate y(j).
11
Let l(v) = -2*v - 2. Let g be l(-2). Suppose -g*k - 5 = -17. Let n(w) = w**3 - 6*w**2 + 2*w - 9. Calculate n(k).
3
Suppose 5*b = 6 + 4. Let f(v) be the first derivative of v**5/60 - v**3/3 - 2. Let z(p) be the third derivative of f(p). Determine z(b).
4
Suppose 0*f = 8*f. Let x(d) = -d**2 + d - 7. Determine x(f).
-7
Let a(k) = -8*k**3 + k**2 + 2*k + 1. Let n(u) = -4*u**2 - 10*u + 4. Let x(g) = -5*g**2 - 11*g + 5. Let j(f) = -4*n(f) + 3*x(f). Let o be j(-7). Determine a(o).
8
Let f(c) = -c - 1. Suppose -3*g + 20 = i, 0 = i - 2. Let j = -5 + g. Suppose o - j = -0*o. What is f(o)?
-2
Let t(n) = -n**2 + n - 1. Suppose 3*k = -10 + 16. What is t(k)?
-3
Let z(n) be the second derivative of 0*n**2 - 1/60*n**5 + 1/12*n**4 - 1/6*n**3 - 1/180*n**6 + 0 + n. Let w(m) be the second derivative of z(m). Calculate w(-2).
-2
Let t(j) = -2*j + 2. Suppose 0 = -z + 4*l - 17, 2*z + 2*l = -l + 10. Let k = 1 - z. Give t(k).
-2
Let v(q) = q + 5. Let r = -205 - -205. Give v(r).
5
Suppose -2*w = -2*q - 16, -5*w - 2*q = q - 16. Suppose n - 19 = 3*g, -6*n + 24 = -w*n - 4*g. Let i(r) = -r - 2. What is i(n)?
-6
Let l(k) = k**2 + 2*k - 4. Let z = -29 - -26. What is l(z)?
-1
Let r(a) be the third derivative of a**4/24 - a**3/2 + 3*a**2. Determine r(0).
-3
Let r(a) = -a + 14. Suppose -4*f + 6 + 10 = 0. Suppose -2*b - 27 = -f*k - b, -6 = 2*b. Calculate r(k).
8
Let u be -3 - ((-8)/4 - -3). Let y(m) = 5*m - 5. Let f(i) = -2*i + 2. Let q(k) = u*y(k) - 11*f(k). What is q(4)?
6
Let y(c) = -12*c - 5*c + 6*c - c**2 - 10. What is y(-8)?
14
Let u(y) = y. Let q(j) = 5*j. Let g(c) = -2*q(c) + 11*u(c). Calculate g(6).
6
Let q(u) = 12*u**3 + 2*u - 2*u + 1 - 4*u + 5*u. What is q(-1)?
-12
Let f(q) = 3*q + 1 + 2*q**2 + 4*q - 2*q - 3*q + q**3. What is f(-2)?
-3
Let c(g) = g**2 + 6*g + 6. Let z be (-2)/(-6)*9*1. Suppose -24 + z = -3*v. Let p be 1 - (v + (-6)/3). Calculate c(p).
-2
Let h(z) be the first derivative of 3*z**4/4 + z**2/2 + 2. What is h(1)?
4
Let n(h) be the first derivative of -h**3/3 - 3*h**2/2 - 2*h + 1. Let a be (1*2/(-3))/(36/108). Determine n(a).
0
Let n(q) = q - 2. Let o(k) = 9*k - 6. Let v be o(1). Let u = 8 - 6. Suppose 22 = -v*j + u*f + 4, -2*f = 2*j + 2. Determine n(j).
-6
Let q(c) = -2*c**2 + 6*c. Let a(j) be the second derivative of 0 - 2*j - 1/6*j**3 - j**2. Let w be a(-6). Give q(w).
-8
Let z(g) = -3*g**2 - 4*g - 2. Let x(o) = o**2 + 2*o + 1. Let m(l) = 9*x(l) + 4*z(l). Let r be 1/((-4 + 2)/2). Give m(r).
-4
Let j(g) = g + 1. Let u(y) = -4*y - 5. Let a(t) = -5*j(t) - u(t). What is a(-5)?
5
Let k = 149 - 145. Let l(j) = -j**3 + 4*j**2 + 5*j - 2. Give l(k).
18
Let t(f) = -f + 12. Let j(p) = 3*p - 42. Let i(s) = -5*j(s) - 18*t(s). Let z = 13 + -8. What is i(z)?
9
Let j(o) = 3 - o**2 - 2*o**2 - 9*o**2 + 13*o**2 + 3*o. Determine j(-4).
7
Let b(o) = -o**2 - 2*o + 5. Let p(g) = 2*g**2 + 3*g - 9. Let m(t) = -7*b(t) - 3*p(t). Give m(-6).
-2
Let h = -33 - -41. Let m(s) = -s**2 + 8*s + 1. What is m(h)?
1
Let k = -37 - -43. Let q(f) be the third derivative of f**4/24 - 2*f**3/3 + f**2. What is q(k)?
2
Let k = 68 + -66. Let v(h) be the first derivative of -k - h**2 + 0*h + 1/3*h**3. Determine v(-2).
8
Let o(r) = r**2 - 4*r - 4. Let n(y) = y**2 - y. Let x be n(2). Suppose 0 = -x*d + 3*d - 5. Determine o(d).
1
Let q(t) = -2*t**3 - t**2 + 3*t + 2. Let m(s) = s**2 - 6*s + 3. Let i be m(5). Give q(i).
8
Let c(q) = -5*q**2 - 1 - q**2 - 3*q**2 - q**2 - q. Give c(-1).
-10
Let s = -1 - 4. Let v(r) be the second derivative of r**3/2 + 2*r**2 + 7*r. Give v(s).
-11
Let h = -14 - -13. Let x(f) = -2*f**3 + f**2 - f - 1. Calculate x(h).
3
Let o(v) = 3*v. Let i be o(-1). Let l(p) = -3*p. Let y(g) = 10*g. Let x(j) = -7*l(j) - 2*y(j). What is x(i)?
-3
Let v = -74 - -83. Let f(l) = -l**2 + 10*l - 2. Determine f(v).
7
Let y be (20/(-12))/(5/(-15)). Let i(a) = a**3 - 6*a**2 + 6*a - 7. Determine i(y).
-2
Let h(r) = -7*r**2 - r. Let m = 73 + -74. Calculate h(m).
-6
Let z(a) = 3*a**2 + 6*a. Let t(w) = -13*w**2 - 24*w + 1. Let j(x) = 2*t(x) + 9*z(x). Suppose 5*v + 3 = 63. Suppose 4*i = i - v. Determine j(i).
-6
Let g = -1 + -6. Let u = g - -10. Suppose -u*b + b = -10. Let d(j) = j**3 - 5*j**2 - 3*j + 7. Give d(b).
-8
Let q(k) = k**3 + 3*k**2 + 2*k + 7. Let w(u) = -3*u**3 - 6*u**2 - 4*u - 15. Let a(n) = -5*q(n) - 2*w(n). Determine a(4).
3
Let y(u) = u - 4. Let z(c) = -c**2 - c + 2. Let d be z(0). Let x be (-308)/(-55) + d/5. Calculate y(x).
2
Let j(t) be the second derivative of t**4/12 - 5*t**3/6 + 3*t**2/2 + t. Let z(p) = p - 1. Let y be z(1). Let d = 5 - y. Calculate j(d).
3
Let i(b) = b**3 - 5*b**2 - 5*b - 1. Let j = 4 + -5. Let u = j - -7. Let s be i(u). Let o(r) = -r**3 + 5*r**2 - 3*r + 5. Determine o(s).
-10
Let f(h) = h**3 + 5*h**2 - 6. Let o be (-14 + -4)*1/(-2). Suppose a - 2*a = o. Let v be (6/a)/(4/30). Give f(v).
-6
Let o be -3*(6 + (-57)/9). Let p(s) = -3*s - 1. What is p(o)?
-4
Let w(s) = s**3 - 5*s**2 + 4*s + 3. Let z be w(5). Suppose 35 = 5*m - 2*p - 2*p, m - 4*p = z. Let o(t) = 15 - t**3 + 3*t**2 - 12 + t - t**2. What is o(m)?
-3
Let s(r) = 0*r - 3 + 0 - r - r**2 + 0. Give s(0).
-3
Let w(j) = -2*j**3 + 2*j**2 - 3*j. Suppose 3*a = 3*k - 15, 19 = 5*k - 0*a - 3*a. What is w(k)?
-14
Let j(a) = -2*a + 4. Suppose 2*i = 6*i - 20. Let w be j(i). Let t be -1 - (2 - w/(-3)). Let v(o) = -6*o**2 - o - 1. What is v(t)?
-6
Let v(w) be the second derivative of w**4/3 + w**3/6 - 4*w. Determine v(-1).
3
Let z(s) = -s - 6. Suppose -5*a = 5*g + 67 - 12, a + 3*g = -19. Give z(a).
1
Suppose 0 = 7*v - 11*v - 24. Let h(f) = f**2 + 8*f + 2. What is h(v)?
-10
Let m(v) = 26*v - 19. Let t(q) = -5*q + 4. Let g(d) = 2*m(d) + 11*t(d). Suppose 5*b - b - 20 = 0. What is g(b)?
-9
Let l(x) = -9*x + 0 + 2*x - 3*x + 4. Let r(s) = 3*s - 1. Let g(b) = 2*l(b) + 7*r(b). What is g(0)?
1
Let o(h) = h - 2. Suppose -4*a - 3*g + g - 28 = 0, -2*a + 5*g + 10 = 0. Let y be (-10)/4*8/a. What is o(y)?
2
Let k(h) = 19 + 21 - 39 + h. Calculate k(3).
4
Let m(c) be the second derivative of -c**6/90 - c**5/120 - c**4/24 - c**3/2 + c. Let t(w) be the second derivative of m(w). Give t(-1).
-4
Let m be -2*(-2)/4 - -1. Let g(r) = r**3 + 6*r**2 + 8*r + 7. Let f be g(-3). Suppose -h + 3*h - m*o - f = 0, 2*h + 5 = -3*o. Let x(k) = k. Determine x(h).
2
Let d(n) = -n - 4. Suppose 3*x = 5*x. Suppose -6*s + 15 + 9 = x. Determine d(s).
-8
Let a be 3 + -1 - (2 + -1). Suppose 0 = 5*q - 3*u + a, -2*q + 3*q - 7 = -3*u. Let b(x) be the second derivative of -x**3/3 + x**2/2 - 41*x. Give b(q).
-1
Let g(u) = u**3 - 11*u**2 + 10*u - 5. Let p be g(10). Let j(y) = y**3 + 5*y**2 - y + 3. Determine j(p).
8
Let l(b) = -b**3 - 4*b**2 + 4*b + 1. Suppose -n - 2*n = 3, 0 = g + 5*n + 10. What is l(g)?
6
Suppose 2*m = -0*m - 8. Let t be (-2)/(-2) - m/(-4). Let d(q) = q**3 - q**2 - 2. Determine d(t).
-2
Let j(l) be the third derivative of l**6/120 + 2*l**5/15 + 7*l**4/24 + l**3/6 + 55*l**2. What is j(-7)?
1
Let u(r) = -r**2 - 6*r + 6. Let a be u(-6). Let w(g) = -6*g**2 + 6*g - 6. Suppose -5*z + 15 = -2*z. Let h(x) = x**2. Let d(c) = z*h(c) + w(c). Determine d(a).
-6
Let s(b) = b**2 - 2 - b**2 + b**2 - 4*b. Suppose 11 - 1 = 2*v. Calculate s(v).
3
Let l be 3*(-3)/(9/(-2)). Suppose -3*v = 4*h - 9 - 9, 2*v = -3*h + 13. Let y(q) = 2*q**2 - 3 - q**h + 6 - 7*q**l - 3*q. What is y(-4)?
-1
Let o(m) = m**3 + 4*m**2 + 2*m + 4. Suppose -5*i = 3*h + 14, -3*i + 1 = -4*i. What is o(h)?
7
Let f(t) = 5. Let m(d) = -d + 1. Let i(b) = -f(b) + 5*m(b). Suppose -4*h = u, -2*u = u. Suppose 2 = -h*a + 2*a. Calculate i(a).
-5
Let s(m) be the third derivative of -m**4/24 + m**3/2 - 3*m**2. Let l be s(0). Suppose -y = -1 - l. Let c(p) = -2*p + 1. What is c(y)?
-7
Let c = -3 + -4. Let q(j) = j + 3. Give q(c).
-4
Let y(s) = 0*s - s - 1 - 5*s**2 + 2. Let b = 62 - 61. What is y(b)?
-5
Let c(g) = -g**2 - g + 3. Suppose 4*w + 5*l - 17 + 5 = 0, -w + 4*l = -3. Calculate c(w).
-9
Let